hen 14 is divided by s?
4
Let x(v) be the second derivative of v**3/3 - 11*v**2/2 - 3*v. What is the remainder when x(9) is divided by 3?
1
Let q = 5 + -10. Let i be (-4)/10 - 24/(-10). What is the remainder when 19 is divided by i/5 - 48/q?
9
Suppose 0 = -2*z + 3*z - 17. Suppose -5*j - 5*k = -325, j - 40 = 4*k + 35. Calculate the remainder when j is divided by z.
16
Let l(m) = -m**3 + 23. Let b(p) = 2*p + 4. Let t = -8 + 12. What is the remainder when l(0) is divided by b(t)?
11
Suppose 0 = -f + 4*d + 26, 4*f + 3*d + 12 = 78. Suppose -350 = -5*w - 5*s, -15 = -w + 2*s + 49. Calculate the remainder when w is divided by f.
14
Let b = 47 + -11. Suppose 3*n - 2*c - 9 = 32, -n + 9 = 4*c. What is the remainder when b is divided by n?
10
Suppose -3*f + 11 = -2*f. What is the remainder when 41 is divided by f?
8
Suppose -u + 365 + 46 = 3*s, -5*s - 1163 = -3*u. Calculate the remainder when u/15 + (-6)/15 is divided by 14.
12
Suppose -f + 65 = 4*k, 5*k = -f - 0*f + 81. Let r = k + -10. Calculate the remainder when 16 is divided by r.
4
Let i(q) = 4*q - 2. Calculate the remainder when 11 is divided by i(2).
5
Let o = -25 + 47. Let s be (-4)/18 - 29/(-9). Suppose 5*a - 25 = 0, 3*j + 4 - s = 5*a. What is the remainder when o is divided by j?
6
Suppose 0 = -3*l + 3*z + 45, 12 = l - 4*z - 0. Suppose -4*u + 8*u = l. Suppose -125 = -u*d + 51. Calculate the remainder when d is divided by 15.
14
Let t(q) = -q + 19. Let j be t(-14). Suppose 3*y - s - j = 2*s, 2*y + s = 10. Calculate the remainder when 12 is divided by y.
5
Let z(h) = -h**2 + 17*h + 27. Calculate the remainder when z(15) is divided by 21.
15
Suppose 5*v + 3*d = 52, v - 9 = 5*d + 7. Suppose 4 + 37 = c. Suppose -a = 9 - c. Calculate the remainder when a is divided by v.
10
Let z(g) = -g**3 - g**2 - 2*g + 4. Let t(p) = -p. Let l be t(-8). Let h be l/4*3/(-2). Calculate the remainder when z(h) is divided by 15.
13
Suppose -120 = -3*d + 4*z, 0*z = -5*d + 3*z + 200. Let q = -10 + d. What is the remainder when q is divided by 17?
13
Let o = 13 - 0. What is the remainder when -1 + (-2 - (1 - 27)) is divided by o?
10
Suppose 4*a - 11 = -4*d + 1, -d - 6 = 4*a. Suppose -5*y + 64 = -d. Calculate the remainder when y is divided by ((-12)/9)/(3/(-18)).
6
Let w be (-1182)/18 + 1/(-3). Let v = 96 + w. What is the remainder when v is divided by 47/4 - 3/4?
8
Suppose -268 = -3*s + 77. What is the remainder when s is divided by 13?
11
Let y = 42 + -28. Calculate the remainder when 40 is divided by y.
12
Suppose 4*o - 1 = 15, 0 = -4*a - o + 12. Suppose -6*x + a*x = 5*g - 72, -5*g = 20. Calculate the remainder when x is divided by 8.
7
Suppose 0 = -3*n - 3*g + 15, 15 = 6*n - n + 3*g. Suppose v - 5 = -n. Suppose -4*s + 5 + 7 = 0. What is the remainder when v is divided by s?
2
Let s be -5 + 2 - (-1 + -3). What is the remainder when (-4)/s + 3 - -2 is divided by 1?
0
Suppose 0 = -12*p + 170 + 394. What is the remainder when 92 is divided by p?
45
Let n(b) = -3*b + 15. Let q be n(6). Calculate the remainder when 47 is divided by -1 - -1 - 36/q.
11
Suppose -4*a - 2 = -34. What is the remainder when 109 is divided by a?
5
Let d = 12 - 9. Calculate the remainder when d is divided by 1.
0
Let x = 47 + -27. What is the remainder when x is divided by 7?
6
Suppose 0 = -j, -a - 5*j + 432 = 2*a. What is the remainder when a is divided by 21?
18
Suppose y - 48 = -3*y. What is the remainder when (12/(-1))/(y/(-8)) is divided by 3?
2
Let w = -66 + 97. Let l = 44 - w. What is the remainder when l is divided by 7?
6
Calculate the remainder when 109 is divided by (34 - 11) + (1 - -1)/(-2).
21
Let p(c) = -c + 13. What is the remainder when p(-9) is divided by 13?
9
Let z be 4/(-10) + 27/5. Suppose 230 = z*k - 0*k. Suppose 4*g = -4*s + g + 112, -4*g = 2*s - k. Calculate the remainder when s is divided by 11.
9
Let u(l) = -5*l**2 - l. Let h be u(1). Let f be (-9)/6*16/h. What is the remainder when 48 is divided by 3 + (-2)/f*-44?
23
Let c = -14 + 26. Let p(n) = -n**3 - n**2 - n. Let s(u) = 4*u**3 + u**2 + 2*u - 5. Let j(l) = 5*p(l) + s(l). Calculate the remainder when c is divided by j(-4).
5
Let f(o) = -3*o**2 - 3*o - 2. Let n(y) = -48*y**2 - 48*y - 33. Let z(j) = -33*f(j) + 2*n(j). Let r = -3 - 1. What is the remainder when z(r) is divided by 19?
17
Suppose -4*v = -109 - 35. Calculate the remainder when v is divided by 19.
17
Calculate the remainder when 49 is divided by 1 + 27 + 0/(-5).
21
Suppose 0 = -q + 5*y + 8, 2*q + 7 = 3*y + 16. What is the remainder when 29 is divided by q/(-12) + (-33)/(-4)?
5
Suppose -4*y + 20 - 8 = 0. Suppose -y*b - b = -20. Calculate the remainder when 11 is divided by b.
1
Let t be (2/5)/((-1)/(-10)). Suppose -1 = h - t. What is the remainder when 8 is divided by h?
2
Let q(s) = -s**3 - 15*s**2 - 6*s - 55. Let a(f) = 14*f**2 + 3*f + 4. What is the remainder when a(3) is divided by q(-15)?
34
Let o = -16 + 27. Let m = -10 + 14. What is the remainder when o is divided by m?
3
Suppose 3*h - 30 - 12 = 0. Let c = 24 - h. What is the remainder when 19 is divided by c?
9
Let m = 102 + -27. Calculate the remainder when m is divided by 39.
36
Suppose 6 - 18 = 2*o - 4*i, 3*i - 17 = 2*o. Let v = 24 + o. Suppose -u + v = -6. Calculate the remainder when u is divided by 8.
6
Let z(u) = u**3 + 6*u**2 - 9*u - 3. Suppose 9 = -5*s - 26. What is the remainder when 20 is divided by z(s)?
9
Let n = -309 + 456. What is the remainder when n is divided by 10?
7
Suppose -198 = -3*j - 0*j. What is the remainder when j is divided by 17?
15
Calculate the remainder when 116/(-2)*2/(-4) is divided by 8.
5
Suppose -33 + 5 = -c - t, -4*c - 5*t + 115 = 0. Let a = -1 - -1. Suppose a*i + 3*i = 27. Calculate the remainder when c is divided by i.
7
Let s = -3 - -12. Calculate the remainder when 17 is divided by s.
8
Suppose t = 2*t - 70. What is the remainder when t is divided by 18?
16
Suppose 4*f - f = 99. Calculate the remainder when f is divided by 17.
16
Suppose -12 = -4*b - 8*m + 4*m, b = 4*m - 22. Let x(l) = -2*l + 5*l**2 - 2*l**2 - 2*l**2 - l**3. What is the remainder when 45 is divided by x(b)?
13
Let u = 17 + -12. Suppose 76 = -0*a + 4*a + 4*n, -n = -u*a + 83. What is the remainder when ((-1)/1)/((-1)/a) is divided by 10?
7
Suppose -5*m = 4*k - 1023, 5*m - k = 1221 - 183. Calculate the remainder when m is divided by 13.
12
Let b(i) = -23*i - 5. What is the remainder when b(-4) is divided by 22?
21
Suppose 7*c + 104 = 9*c. Calculate the remainder when c is divided by 20.
12
What is the remainder when -2 - (64/(-2) - -1) is divided by 10?
9
Let f(r) be the second derivative of r**4/3 + r**3 + 2*r**2 - 2*r. Let y be f(-6). Let w = -57 + y. Calculate the remainder when w is divided by 14.
13
Suppose -5*r + 25 = -2*r + b, -2*r = -b - 25. What is the remainder when r is divided by 3?
1
Let m = 23 - 7. Let u(y) = 7*y - 3. Suppose -4*j + 19 = -9. Calculate the remainder when u(j) is divided by m.
14
Suppose 24 = 2*g - 10. Suppose g = z + 10. What is the remainder when 11 is divided by z?
4
Let r(x) = x**3 + 3*x**2 + x - 1. Let p be r(-2). Let h be p + -2 - (-8)/(-4). What is the remainder when 3 is divided by 3 + ((-3)/(-1))/h?
1
Suppose -4*m + 26 - 10 = r, -3*m + 12 = -3*r. Calculate the remainder when m is divided by 3.
1
Let l = -1 - 5. Let h = 14 + -8. Calculate the remainder when 102/(-4)*l/9 is divided by h.
5
Suppose 0 = -2*s - 0*s + 30. Let i = 10 - 6. Suppose -2*f + 2*o + 2*o = -20, 5*f = i*o + 44. Calculate the remainder when s is divided by f.
7
Let j(a) = 3 + 0*a - 2*a + 0*a + 2. What is the remainder when 55 is divided by j(-7)?
17
Let n = 4 + -8. Let g be 2/n + (-14)/4. What is the remainder when 29/2 - g/8 is divided by 6?
3
Suppose 3*b + 2*p = 4*p + 137, 4*b = -p + 168. What is the remainder when b is divided by (-1)/(-2 + (-58)/(-30))?
13
Suppose o = -4*o + 55. Suppose g - i - 2 = -0, 0 = -4*g - 4*i + 8. Suppose 36 = 2*b - g. What is the remainder when b is divided by o?
8
Let g(f) = 8 - 6*f - 3 + 16*f. What is the remainder when g(4) is divided by 12?
9
Suppose q = 3*c + 167 - 61, -4*c = 2*q - 192. What is the remainder when q is divided by 17?
15
Let l(b) = -b**3 - 6*b**2 + 8*b + 9. Suppose 5*q + 0*q = -3*w + 1, 9 = 3*q - w. What is the remainder when q is divided by l(-7)?
0
Let a(v) = -32*v + 2. What is the remaind